
True
Is 65037241 composite?
True
Is 1255909 composite?
True
Is 53939573 composite?
True
Is 157629709 composite?
False
Is 2768093 prime?
False
Is 1991359 prime?
True
Is 14039521 a prime number?
False
Is 34736105 a prime number?
False
Is 5409017 composite?
False
Is 1818017 a composite number?
False
Is 127221167 a prime number?
True
Is 1434187 composite?
False
Is 55633307 composite?
False
Is 44003521 a prime number?
True
Is 10437673 composite?
False
Is 3054673 a prime number?
True
Is 155712731 composite?
True
Is 1263553 composite?
True
Is 448303 a prime number?
True
Is 3689387 prime?
False
Is 810670573 composite?
True
Is 22195651 a composite number?
False
Is 30696233 a composite number?
True
Is 19512811 composite?
True
Is 28348031 composite?
True
Is 7733771 a composite number?
False
Is 28989599 a prime number?
True
Is 274044229 prime?
False
Is 46640407 prime?
False
Is 1791157 a prime number?
False
Is 294955 prime?
False
Is 480703 a prime number?
False
Is 231131 a composite number?
False
Is 36468037 composite?
False
Is 3779067 a prime number?
False
Is 2206877 prime?
True
Is 376951 a prime number?
False
Is 319320317 a composite number?
False
Is 57949559 a prime number?
True
Is 11435287 a composite number?
True
Is 15696553 a prime number?
True
Is 1912397 prime?
False
Is 149461661 a composite number?
False
Is 22819127 a prime number?
True
Is 8657791 a prime number?
False
Is 42737 prime?
True
Is 18695419 a prime number?
True
Is 15914413 prime?
False
Is 56511041 composite?
True
Is 193559 a prime number?
True
Is 21394327 a prime number?
True
Is 67565567 a composite number?
False
Is 39740777 a prime number?
True
Is 63123713 a prime number?
True
Is 228202699 a composite number?
False
Is 54562801 a prime number?
True
Is 5391907 prime?
False
Is 207606433 prime?
False
Is 61263079 prime?
True
Is 3401959 a composite number?
True
Is 14116321 a prime number?
False
Is 1870097 a prime number?
True
Is 16798711 a composite number?
False
Is 1903133 a composite number?
True
Is 3913963 composite?
False
Is 481067 composite?
False
Is 3771949 prime?
True
Is 11388199 a prime number?
True
Is 124602943 a composite number?
False
Is 32668681 composite?
False
Is 1524007 a composite number?
False
Is 11042683 composite?
False
Is 24405601 a prime number?
False
Is 11537573 prime?
True
Is 4326169 a prime number?
True
Is 24560239 a composite number?
True
Is 649080563 a composite number?
False
Is 236886829 a composite number?
True
Is 1836386 prime?
False
Is 343187881 a composite number?
False
Is 1930701 a composite number?
True
Is 178127659 a composite number?
False
Is 35991733 composite?
False
Is 1650703 a composite number?
False
Is 15902441 composite?
True
Is 17718361 prime?
True
Is 562163 composite?
True
Is 374980739 a composite number?
True
Is 18675763 prime?
False
Is 912552467 a composite number?
True
Is 9843569 a composite number?
False
Is 625453 prime?
False
Is 33027769 prime?
True
Is 10372049 a composite number?
False
Is 317951501 a composite number?
True
Is 3556115 prime?
False
Is 140842081 prime?
False
Is 9394261 a composite number?
False
Is 867641 a prime number?
True
Is 12617591 composite?
True
Is 61936649 prime?
True
Is 2235595 prime?
False
Is 95408683 a composite number?
True
Is 15858839 a prime number?
True
Is 493436719 a composite number?
True
Is 3368377 a composite number?
True
Is 4667921 composite?
False
Is 380979817 a composite number?
False
Is 3096889 composite?
False
Is 278356433 composite?
False
Is 23246602 prime?
False
Is 5378581 prime?
False
Is 19252351 composite?
False
Is 2346073 a prime number?
False
Is 28471771 a prime number?
True
Is 1096187 a prime number?
False
Is 68185157 a composite number?
True
Is 10313411 a composite number?
True
Is 122330029 a prime number?
False
Is 414179637 prime?
False
Is 64705 composite?
True
Is 130172099 composite?
True
Is 413495769 a composite number?
True
Is 19529689 composite?
True
Is 82935473 composite?
True
Is 3650689 prime?
False
Is 13452599 prime?
False
Is 8608217 a composite number?
False
Is 7626137 a prime number?
True
Is 259490603 composite?
False
Is 7295459 prime?
False
Is 48838883 composite?
False
Is 3428119 a prime number?
False
Is 3186377 prime?
False
Is 41781143 a composite number?
False
Is 14467223 composite?
True
Is 41242087 a composite number?
True
Is 15178951 prime?
False
Is 25047689 a prime number?
False
Is 2720701 a composite number?
True
Is 703289 a prime number?
False
Is 163844587 composite?
False
Is 51848327 prime?
True
Is 179897 a composite number?
False
Is 209338361 prime?
True
Is 9394135 prime?
False
Is 30539695 a composite number?
True
Is 412152971 a prime number?
True
Is 28028641 composite?
False
Is 176634739 prime?
False
Is 66029 a composite number?
False
Is 45315749 composite?
False
Is 6812231 prime?
True
Is 638137 a prime number?
False
Is 104249911 a composite number?
True
Is 32835709 a composite number?
False
Is 26018399 a composite number?
True
Is 172613 composite?
True
Is 2897623 composite?
True
Is 5268899 prime?
True
Is 1196833 composite?
True
Is 628547 prime?
True
Is 2568191 a prime number?
True
Is 136561193 composite?
False
Is 797273 composite?
False
Is 22732201 composite?
True
Is 29613289 prime?
True
Is 93396049 a prime number?
False
Is 942929 composite?
True
Is 34793 a prime number?
False
Is 9072933 a composite number?
True
Is 13935761 a prime number?
False
Is 25063301 a composite number?
False
Is 62976671 prime?
False
Is 3322261 prime?
True
Is 95876419 a composite number?
False
Is 11158777 prime?
False
Is 415709051 a prime number?
False
Is 753913 a prime number?
False
Is 31933 composite?
True
Is 26494043 a prime number?
True
Is 133735979 composite?
True
Is 32267197 a composite number?
False
Is 15196681 prime?
True
Is 36325481 a prime number?
False
Is 340855 a composite number?
True
Is 423903113 a prime number?
True
Is 85801487 a composite number?
True
Is 36337207 prime?
True
Is 442680983 prime?
False
Is 22843279 a composite number?
False
Is 142599809 composite?
True
Is 42264013 prime?
False
Is 442061 composite?
False
Is 323170891 a prime number?
True
Is 58138367 prime?
False
Is 3810019 a composite number?
True
Is 487356458 prime?
False
Is 667651 a prime number?
False
Is 154360379 a prime number?
True
Is 9657311 prime?
True
Is 132033107 a composite number?
True
Is 44370245 a composite number?
True
Is 96547397 composite?
True
Is 30583999 prime?
True
Is 121541341 composite?
True
Is 3536101 a composite number?
False
Is 2012947 a prime number?
False
Is 20912743 prime?
True
Is 2199415 a composite number?
True
Is 516485941 a composite number?
True
Is 9147727 a composite number?
False
Is 24835691 a prime number?
False
Is 3461303 composite?
True
Is 928987 a prime number?
False
Is 8508881 prime?
True
Is 252859 a prime number?
False
Is 1424149 a composite number?
False
Is 12657937 a composite number?
True
Is 88522319 composite?
False
Is 79751 a composite number?
True
Is 18139903 a prime number?
False
Is 309130007 a composite number?
True
Is 276071 prime?
False
Is 2480767 a prime number?
True
Is 8070743 a composite number?
False
Is 7867523 a composite number?
True
Is 16173397 a prime number?
True
Is 368236613 prime?
True
Is 3371429 composite?
True
Is 232864237 composite?
True
Is 1866779 a composite number?
False
Is 5245391 prime?
True
Is 6226367 a composite number?
True
Is 5329759 a composite number?
False
Is 81949279 a composite number?
True
Is 56139709 a composite number?
False
Is 35590433 composite?
False
Is 7268681 a prime number?
False
Is 1939282 composite?
True
Is 2328397 a composite number?
False
Is 54491491 prime?
False
Is 897816433 composite?
True
Is 5801483 composite?
False
Is 1413341 composite?
False
Is 4708157 a prime number?
False
Is 34192705 a prime number?
False
Is 1156067387 a prime number?
True
Is 123882146 a composite number?
True
Is 245796134 a composite number?
True
Is 5150987 a composite number?
False
Is 8305189 composite?
True
Is 3596251 composite?
False
Is 71059 a composite number?
False
Is 10765691 prime?
False
Is 80897 a prime number?
True
Is 1937591 a prime number?
False
Is 7317847 composite?
True
Is 41065547 composite?
False
Is 8052299 a prime number?
True
Is 44957309 a composite number?
False
Is 2160283 a prime number?
True
Is 4009927 a prime number?
False
Is 9125950